778?
2, 3, 1321
List the prime factors of 100493.
100493
List the prime factors of 25135.
5, 11, 457
What are the prime factors of 8481?
3, 11, 257
What are the prime factors of 88456?
2, 11057
What are the prime factors of 54210?
2, 3, 5, 13, 139
List the prime factors of 18643.
103, 181
What are the prime factors of 334?
2, 167
What are the prime factors of 91558?
2, 45779
What are the prime factors of 742?
2, 7, 53
What are the prime factors of 4339?
4339
List the prime factors of 183197.
7, 26171
List the prime factors of 1860.
2, 3, 5, 31
What are the prime factors of 21665?
5, 7, 619
List the prime factors of 109.
109
What are the prime factors of 4020?
2, 3, 5, 67
What are the prime factors of 3316?
2, 829
What are the prime factors of 128?
2
What are the prime factors of 9260?
2, 5, 463
What are the prime factors of 1182?
2, 3, 197
What are the prime factors of 22?
2, 11
List the prime factors of 48824.
2, 17, 359
What are the prime factors of 1909?
23, 83
List the prime factors of 42879.
3, 14293
What are the prime factors of 19592?
2, 31, 79
What are the prime factors of 1271?
31, 41
What are the prime factors of 1390?
2, 5, 139
What are the prime factors of 48815?
5, 13, 751
List the prime factors of 1938.
2, 3, 17, 19
List the prime factors of 10016.
2, 313
List the prime factors of 41743.
13, 19
What are the prime factors of 58627?
23, 2549
List the prime factors of 11134.
2, 19, 293
List the prime factors of 6011.
6011
List the prime factors of 16.
2
What are the prime factors of 35?
5, 7
List the prime factors of 3029.
13, 233
What are the prime factors of 730?
2, 5, 73
List the prime factors of 3315.
3, 5, 13, 17
List the prime factors of 62939.
62939
What are the prime factors of 4552?
2, 569
What are the prime factors of 3782?
2, 31, 61
What are the prime factors of 90580?
2, 5, 7, 647
What are the prime factors of 12821?
12821
List the prime factors of 11672.
2, 1459
What are the prime factors of 7757?
7757
What are the prime factors of 123364?
2, 30841
What are the prime factors of 304?
2, 19
List the prime factors of 11657.
11657
List the prime factors of 4137.
3, 7, 197
What are the prime factors of 34368?
2, 3, 179
List the prime factors of 7747.
61, 127
List the prime factors of 8054.
2, 4027
What are the prime factors of 3156?
2, 3, 263
List the prime factors of 61247.
73, 839
List the prime factors of 2102.
2, 1051
What are the prime factors of 1471?
1471
List the prime factors of 166.
2, 83
What are the prime factors of 15514?
2, 7757
What are the prime factors of 13254?
2, 3, 47
List the prime factors of 439.
439
List the prime factors of 6803.
6803
What are the prime factors of 134442?
2, 3, 7, 11, 97
What are the prime factors of 3097?
19, 163
List the prime factors of 2592.
2, 3
What are the prime factors of 1624?
2, 7, 29
What are the prime factors of 14094?
2, 3, 29
List the prime factors of 99469.
99469
List the prime factors of 1510.
2, 5, 151
List the prime factors of 6831.
3, 11, 23
What are the prime factors of 1098?
2, 3, 61
List the prime factors of 7123.
17, 419
List the prime factors of 380.
2, 5, 19
List the prime factors of 184.
2, 23
What are the prime factors of 84363?
3, 61, 461
What are the prime factors of 33137?
13, 2549
List the prime factors of 8295.
3, 5, 7, 79
List the prime factors of 2527.
7, 19
What are the prime factors of 68837?
19, 3623
What are the prime factors of 1138?
2, 569
List the prime factors of 45134.
2, 22567
List the prime factors of 1858.
2, 929
What are the prime factors of 26933?
23, 1171
List the prime factors of 149106.
2, 3, 24851
What are the prime factors of 3012?
2, 3, 251
List the prime factors of 2283.
3, 761
What are the prime factors of 7199?
23, 313
What are the prime factors of 83?
83
What are the prime factors of 1619?
1619
List the prime factors of 8927.
79, 113
List the prime factors of 53566.
2, 26783
What are the prime factors of 660?
2, 3, 5, 11
List the prime factors of 19507.
19507
List the prime factors of 169.
13
List the prime factors of 22290.
2, 3, 5, 743
List the prime factors of 19688.
2, 23, 107
List the prime factors of 34498.
2, 47, 367
What are the prime factors of 21257?
29, 733
List the prime factors of 2147.
19, 113
What are the prime factors of 34415?
5, 6883
What are the prime factors of 36389?
36389
What are the prime factors of 1751?
17, 103
List the prime factors of 6826.
2, 3413
List the prime factors of 1486.
2, 743
What are the prime factors of 2427?
3, 809
List the prime factors of 465.
3, 5, 31
List the prime factors of 14685.
3, 5, 11, 89
What are the prime factors of 5233?
5233
List the prime factors of 857.
857
List the prime factors of 28079.
43, 653
List the prime factors of 81536.
2, 7, 13
List the prime factors of 1510.
2, 5, 151
What are the prime factors of 10166?
2, 13, 17, 23
List the prime factors of 24310.
2, 5, 11, 13, 17
What are the prime factors of 5379?
3, 11, 163
What are the prime factors of 13965?
3, 5, 7, 19
List the prime factors of 1883.
7, 269
List the prime factors of 1892.
2, 11, 43
What are the prime factors of 3494?
2, 1747
List the prime factors of 1982.
2, 991
What are the prime factors of 128667?
3, 7, 11, 557
What are the prime factors of 4843?
29, 167
What are the prime factors of 717?
3, 239
List the prime factors of 3600.
2, 3, 5
What are the prime factors of 26412?
2, 3, 31, 71
What are the prime factors of 28885?
5, 53, 109
What are the prime factors of 2281?
2281
What are the prime factors of 1863?
3, 23
List the prime factors of 91172.
2, 23, 991
List the prime factors of 2815.
5, 563
What are the prime factors of 5842?
2, 23, 127
What are the prime factors of 2801?
2801
What are the prime factors of 6202?
2, 7, 443
What are the prime factors of 914?
2, 457
List the prime factors of 132781.
11, 12071
List the prime factors of 16740.
2, 3, 5, 31
List the prime factors of 5135.
5, 13, 79
What are the prime factors of 288?
2, 3
What are the prime factors of 43698?
2, 3, 7283
List the prime factors of 10834.
2, 5417
What are the prime factors of 29?
29
List the prime factors of 10350.
2, 3, 5, 23
What are the prime factors of 18135?
3, 5, 13, 31
What are the prime factors of 3794?
2, 7, 271
List the prime factors of 91602.
2, 3, 7, 727
List the prime factors of 70087.
109, 643
List the prime factors of 2339.
2339
What are the prime factors of 12145?
5, 7, 347
What are the prime factors of 8553?
3, 2851
What are the prime factors of 26310?
2, 3, 5, 877
What are the prime factors of 929?
929
What are the prime factors of 25961?
13, 1997
What are the prime factors of 20974?
2, 10487
What are the prime factors of 11141?
13, 857
What are the prime factors of 644?
2, 7, 23
What are the prime factors of 4302?
2, 3, 239
List the prime factors of 20773.
20773
List the prime factors of 2910.
2, 3, 5, 97
What are the prime factors of 13024?
2, 11, 37
List the prime factors of 4041.
3, 449
List the prime factors of 58762.
2, 11, 2671
What are the prime factors of 896?
2, 7
What are the prime factors of 23538?
2, 3, 3923
List the prime factors of 29694.
2, 3, 7, 101
List the prime factors of 20707.
20707
List the prime factors of 33983.
17, 1999
List the prime factors of 681.
3, 227
What are the prime factors of 20401?
23, 887
List the prime factors of 52930.
2, 5, 67, 79
List the prime factors of 153.
3, 17
What are the prime factors of 3158?
2, 1579
List the prime factors of 1108.
2, 277
What are the prime factors of 1366?
2, 683
List the prime factors of 28119.
3, 7, 13, 103
What are the prime factors of 10805?
5, 2161
List the prime factors of 98363.
19, 31, 167
What are the prime factors of 4003?
4003
List the prime factors of 2781.
3, 103
What are the prime factors of 3475?
5, 139
What are the prime factors of 11944?
2, 1493
What are the prime factors of 24312?
2, 3, 1013
What are the prime factors of 1377?
3, 17
What are the prime factors of 6896?
2, 431
List the prime factors of 14267.
11, 1297
List the prime factors of 928.
2, 29
List the prime factors of 2310.
2, 3, 5, 7, 11
List the prime factors of 2810.
2, 5, 281
What are the prime factors of 138578?
2, 11, 6299
List the prime factors of 3756.
2, 3, 313
List the prime factors of 35699.
29, 1231
What are the prime factors of 29689?
11, 2